 5 and r.
5
Let b be (-60)/12*12/(-5). What is the greatest common divisor of b and 6?
6
Suppose b + 12 = g, 5*g - 20 - 34 = -b. Let a = 13 - g. Let m = a - -2. Calculate the greatest common factor of m and 4.
4
Let j be 14/(-28) + 354/4. Let g = 148 - j. Calculate the highest common divisor of 12 and g.
12
Let z(d) = -d**2 + d + 18. Let h be z(0). Suppose -w - 5*u = -4*w + 59, -4*w = -3*u - 75. Calculate the highest common divisor of w and h.
18
Let m(n) = 12*n**2 - 11 - n**3 - 12*n - 9*n + 12*n. Let d be m(11). Calculate the greatest common divisor of d and 33.
11
Let l(i) = -i**3 + 5*i**2 - 3*i - 2. Let f be l(4). Let m = 6 + f. Calculate the greatest common divisor of 16 and m.
8
Suppose 0 = p + 4*o + 1, 5*p - 6*o + 5 = -2*o. Let c be (p + 3)*324/8. What is the highest common factor of c and 9?
9
Let g be (2/5)/(1/110). Let i be ((-22)/4)/((-4)/(-8)). Let r = 15 + i. What is the greatest common factor of r and g?
4
Suppose 3*d + 2*b + 150 = 0, 3*d - 2*b + 3 = -147. Let o = d + 74. What is the highest common divisor of o and 8?
8
Let z(c) = c**3 + 8*c**2 + 4*c - 9. Let f be z(-7). What is the greatest common divisor of 18 and f?
6
Suppose 2*n + 26 + 4 = 0. Let p = n + 33. Let q(o) = -19*o - 2. Let w be q(-2). What is the highest common factor of w and p?
18
Suppose 0 = -y + 5*y + 20. Let l = -10 - y. Let q be (-3)/l + 2/5. Calculate the greatest common factor of q and 11.
1
Let m(i) = i**3 + 2*i**2 - 2*i - 1. Let a be m(-2). Suppose 0 = -2*k + a*t - 2*t + 57, 0 = 5*k + 3*t - 126. What is the highest common divisor of k and 3?
3
Let o = 6 - -3. Calculate the highest common divisor of 72 and o.
9
Suppose 20 = 5*f - 3*k + 3, 3*f + 4*k - 16 = 0. Suppose -m - 9 = 5*w, 0 = f*m - 3*w + w - 8. What is the greatest common factor of m and 8?
1
Let r(x) = -2*x - 1. Let f = 5 + -8. Let h be r(f). Calculate the greatest common factor of 40 and h.
5
Let r be 6/2 + 0 + 3. What is the highest common factor of r and 48?
6
Let v(f) = f**2 - 2*f + 6. Let j be v(4). What is the highest common factor of j and 2?
2
Let p be ((0 - -2) + -1)/1. Let f be p + -2 + 43 + 1. Let z = 173 - f. What is the highest common factor of 13 and z?
13
Suppose 2*z + a = 37, -2 - 3 = a. Calculate the highest common factor of 28 and z.
7
Let i be (-1)/(60/(-21) + 3). Let s be 8*1*i/(-14). Suppose -2*m + 6*m - 176 = 0. Calculate the greatest common factor of m and s.
4
Suppose -14 = -3*b - 5. Let u be 12/((-21)/9 + b). Calculate the highest common divisor of 45 and u.
9
Let k be (-3 - (-3)/1) + 8. Calculate the highest common factor of k and 104.
8
Let q = -4 - -17. Let c = -19 + 32. What is the greatest common factor of q and c?
13
Let i = -131 - -285. What is the greatest common factor of i and 14?
14
Suppose 3*i - 254 = -5*x, -3*i + 0*x + 260 = 2*x. Calculate the highest common divisor of 11 and i.
11
Let y(x) = 2*x + 6. Let b be y(-5). Let f = b - -7. What is the highest common divisor of 24 and f?
3
Let k(h) = -21*h + 1. Let m(n) = 22*n. Let b(g) = -3*k(g) - 4*m(g). Let d be b(-3). What is the highest common divisor of 8 and d?
8
Let f(p) = p**3 + 11*p**2 - 8*p + 12. Let s be f(-11). What is the greatest common divisor of s and 40?
20
Let m = 281 + -164. Let l be 2/4 - m/(-18). What is the greatest common divisor of l and 1?
1
Let m(q) = -q**3 - q**2 + 2. Let b be m(0). Suppose 2*t = t - v + 178, -b*v - 4 = 0. What is the greatest common divisor of t and 20?
20
Suppose -3*i - 14 = -4*i - 5*f, -i + 4*f + 5 = 0. Calculate the highest common factor of i and 45.
9
Suppose 0*f - 4*g + 100 = 2*f, g = 3*f - 115. Calculate the greatest common factor of f and 40.
40
Let w = 21 + 152. Suppose 0*o - 3*o = -4*a + w, 5*o + 215 = 5*a. Calculate the greatest common factor of 4 and a.
4
Let p(i) = -i**2 - 3*i + 2. Let s be p(-3). Suppose m - s*m + 7 = 0. What is the greatest common divisor of 63 and m?
7
Let w be -1*(-13 + (1 - -2)). Calculate the highest common divisor of w and 80.
10
Let o(t) = -24*t - 18. Let q be o(-5). What is the highest common factor of 6 and q?
6
Let y(u) = 7*u**3 - 3*u**2 + 4*u - 4. Let j be y(2). Calculate the highest common divisor of j and 16.
16
Suppose 320 = -4*y - 5*b, -3*b = 2*b - 20. Let q be (y/20)/((-2)/(-8)). Let p = 137 - q. Calculate the greatest common factor of 14 and p.
14
Let b(u) be the first derivative of 2 - 1/4*u**4 + 0*u**3 + 0*u**2 + 11*u. Let q be b(0). What is the greatest common divisor of q and 1?
1
Let o be (-2 - -52)/2*4/10. What is the greatest common factor of o and 70?
10
Let j(u) = u**3 + 7*u**2 + 4*u + 5. Let b be j(-6). Let n = b + -16. Calculate the highest common factor of 1 and n.
1
Suppose 2*b + 4*p = b, -b + 5*p = -45. Calculate the greatest common factor of 60 and b.
20
Let j be ((-12)/(-15) + (-108)/10)/(-2). What is the highest common divisor of 25 and j?
5
Let a be (-50)/(-6) + (-4)/12. Suppose 3*b - 4*b = -a. Calculate the highest common divisor of 88 and b.
8
Let w(r) = r**2 + 4*r + 6. Let q be w(-5). What is the greatest common factor of q and 44?
11
Suppose 0 = -b + 95 + 25. Calculate the highest common factor of b and 6.
6
Suppose -2*b - 4*x = 4, 4*x = 2 - 22. Calculate the greatest common factor of b and 8.
8
Let h = -5 + 7. Suppose h*r + 1 = 21. What is the greatest common divisor of 80 and r?
10
Let p(t) = 9*t - 3. Let i be p(4). Calculate the greatest common divisor of i and 3.
3
Suppose -6*m - 158 = -950. What is the greatest common divisor of m and 12?
12
Suppose -4*r - 8 + 28 = 0. Calculate the highest common divisor of 5 and r.
5
Suppose 0*q - 4*q + 40 = 0. What is the highest common divisor of q and 2?
2
Let v(f) = f**3 + f**2 + f. Let g(m) = 7*m**3 + 17*m**2 + 19*m + 11. Let h(s) = -g(s) + 6*v(s). Let p be h(-10). What is the highest common factor of p and 152?
19
Let a be (-15)/(-45)*3*5. What is the greatest common divisor of 15 and a?
5
Let g(k) = -k**3 + 3*k**2 + 5*k + 7. Let d be g(-4). What is the greatest common divisor of 33 and d?
33
Let v(w) = -w**3 + 11*w**2 + 16*w - 18. Let o be v(12). Calculate the greatest common divisor of 6 and o.
6
Let r be (-14)/(-21) + (-138)/(-9). Calculate the greatest common divisor of 4 and r.
4
Suppose 3*t - 4 = -19. Let m = t - -7. Calculate the greatest common divisor of 3 and m.
1
Suppose -3*p + 40 = 2*j + 2*p, 0 = p - 4. What is the greatest common divisor of j and 40?
10
Let b(t) = -3*t + 309. Let x(i) = -2*i + 155. Let q(j) = 3*b(j) - 5*x(j). Let c be q(0). Suppose 3*s - 6*s = -57. What is the highest common factor of s and c?
19
Let a(l) = 15*l - 5. Let v be a(3). Let j be v/(-50)*(-10)/4. Let g(r) = 2*r**3. Let d be g(2). Calculate the highest common factor of d and j.
2
Let j(t) = 2*t**2 - 2*t - 1. Let x be j(2). Suppose -5*f - 3*u = -62, -x*f - u + 44 - 10 = 0. What is the greatest common divisor of f and 50?
10
Suppose 0 = -0*b + 5*b - 20, -2*b = -5*i + 552. Calculate the highest common divisor of i and 14.
14
Suppose 0 = 4*n + 24. Let q = n + 19. Let h = q - 8. What is the greatest common divisor of h and 45?
5
Let m(t) = 45*t - 2. Let o be m(3). Let x = 313 - o. Let y(q) = -q**3 - 4*q**2 + 10*q + 8. Let s be y(-6). Calculate the highest common factor of s and x.
20
Let q = -12 + 24. Let i = -76 - -172. What is the highest common divisor of i and q?
12
Let y be (-2 + 2/(-3))*-9. Suppose 2*s - 5*j - 23 - y = 0, -24 = -s + 3*j. Calculate the greatest common factor of s and 14.
7
Let m be (-798)/(-12) + -3 - (-1)/2. Calculate the greatest common divisor of 16 and m.
16
Let m(z) = -z + 7. Let k be m(5). Suppose -b - k*b = -210. What is the highest common divisor of b and 28?
14
Let k = 7 + 4. Calculate the highest common divisor of 99 and k.
11
Suppose -2*i + 27 = -3*k - 24, 0 = i + 5*k - 6. Calculate the greatest common divisor of 21 and i.
21
Let z be (-100)/(-15)*96/10. Let o = z - -211. Calculate the highest common factor of 25 and o.
25
Suppose 0 = w - 4*w + 12. Let r be 8/(-10) - 432/(-15). What is the highest common factor of r and w?
4
Let l = 74 - 20. What is the highest common factor of l and 36?
18
Suppose -32 = -p - t, -4*p + 4*t - 3*t + 118 = 0. Let c = -104 - -224. Calculate the greatest common factor of p and c.
30
Let t be (-1)/(-1) + 200/8. Suppose 2*d = 4*r + 36, 5*d - 5*r = -0 + 110. What is the greatest common divisor of d and t?
26
Suppo